0, what is -2037429 - 8?
-2037437
In base 4, what is -22201201130 - 101?
-22201201231
In base 14, what is -70cd9c - -5?
-70cd97
In base 2, what is -111011001100011 + 1000001100000?
-110011000000011
In base 9, what is -4555 + 12125?
6460
In base 9, what is -80450 - -870?
-78470
In base 5, what is 12431102 - -113?
12431220
In base 10, what is 3 - 51294107?
-51294104
In base 2, what is -111110011101011101011 + 10000?
-111110011101011011011
In base 5, what is -401400412 - 11?
-401400423
In base 4, what is -10 - 11333222?
-11333232
In base 4, what is -11230000 - -22213?
-11201121
In base 13, what is -460a92 - 4?
-460a96
In base 13, what is -62a52 - 2?
-62a54
In base 11, what is 50302714 + -4?
50302710
In base 8, what is -1511 - 120711?
-122422
In base 9, what is 16 - -2627818?
2627835
In base 12, what is 788a29 - -90?
788ab9
In base 5, what is 1 - 423332324?
-423332323
In base 5, what is 1141231214 - -11?
1141231230
In base 9, what is -5 + 58576018?
58576013
In base 11, what is -215a14221 + 2?
-215a1421a
In base 8, what is 1 + 67273766?
67273767
In base 2, what is -1001100011000110100100010 - 0?
-1001100011000110100100010
In base 16, what is 24e1 + 8fc?
2ddd
In base 6, what is -1133 - -44342?
43205
In base 4, what is -11031 + 12201330?
12130233
In base 2, what is -101 - 11101011111010111001100?
-11101011111010111010001
In base 4, what is -123 - -210111102?
210110313
In base 7, what is 6 - 643063220?
-643063211
In base 12, what is -4 + 12148a2?
121489a
In base 13, what is -3b + a6358?
a631a
In base 6, what is -52544404 + -4?
-52544412
In base 5, what is -1240111131 - 133?
-1240111314
In base 9, what is -2657584 + -124?
-2657718
In base 14, what is -245 - ba2?
-1007
In base 10, what is 6271547 + 14?
6271561
In base 7, what is 526123 - -1264?
530420
In base 6, what is 240510153 - 3?
240510150
In base 8, what is 220430 - -152?
220602
In base 13, what is 9bb5b + -a66?
9b0c5
In base 6, what is -4245024 + -35?
-4245103
In base 16, what is bf - -a7df0?
a7eaf
In base 5, what is 233 + 1040044?
1040332
In base 11, what is -133907 + -14?
-133920
In base 11, what is a - 5087aa58?
-5087aa49
In base 9, what is 386110 + 2710?
388820
In base 11, what is 204 - -205a08?
206111
In base 2, what is 11001011100110100100111 + 100?
11001011100110100101011
In base 11, what is 524 + 127164?
127688
In base 8, what is -2300 + -72051?
-74351
In base 6, what is -103 - 3214535?
-3215042
In base 11, what is -30294 - -3392?
-27a02
In base 5, what is -211312 + -310213?
-1022030
In base 13, what is -43 + -10c409?
-10c44c
In base 11, what is a - -65a8400?
65a840a
In base 15, what is -4 + -2a0181?
-2a0185
In base 8, what is -5 - 56751510?
-56751515
In base 16, what is -4 + 815568?
815564
In base 5, what is -303 + -30220221?
-30221024
In base 13, what is 761 - -14372?
14b03
In base 9, what is 14267 + 31556?
45834
In base 6, what is 103505 + 54544?
202453
In base 6, what is 1 + -554403234?
-554403233
In base 15, what is 5 - -121a4bb?
121a4c1
In base 14, what is 13c2454 - 1c?
13c2436
In base 12, what is -2 - 2a6b366?
-2a6b368
In base 13, what is 30 - 554a0?
-55470
In base 6, what is 2250333500 + 54?
2250333554
In base 16, what is 1a6 + 9471?
9617
In base 13, what is -2 + 4068b6?
4068b4
In base 7, what is 632 - 32211?
-31246
In base 4, what is 130022 - 1232111?
-1102023
In base 3, what is 102210 - 102001011?
-101121101
In base 13, what is 3 - a68bb8?
-a68bb5
In base 13, what is 7a41 + 564?
82a5
In base 7, what is -163 + 11523144?
11522651
In base 9, what is 52181 - -34?
52225
In base 11, what is -2 + aa16030?
aa16029
In base 12, what is -12a - -32478?
3234a
In base 15, what is 75 + 167d9?
1685e
In base 13, what is -19630b + 2b?
-1962b0
In base 10, what is -1 + -4507733?
-4507734
In base 9, what is 2 + 120115551?
120115553
In base 10, what is 0 + -66671318?
-66671318
In base 6, what is 112 + 1140014453?
1140015005
In base 3, what is 101 + -1121012002112?
-1121012002011
In base 9, what is -4830373 - -3?
-4830370
In base 4, what is -213102112331 + 0?
-213102112331
In base 7, what is 1002 + 40556?
41561
In base 8, what is -34 + -241135?
-241171
In base 7, what is 201 - 1603054?
-1602553
In base 9, what is 325 - 18464?
-18138
In base 6, what is 4 - 234211031?
-234211023
In base 9, what is -13816820 - -4?
-13816815
In base 7, what is -40543035 + 5?
-40543030
In base 9, what is -17626 + 152148?
133422
In base 16, what is 8 + 3224265?
322426d
In base 16, what is ed2 + 1611?
24e3
In base 9, what is -242333 - -452?
-241771
In base 12, what is -71664 - 34?
-71698
In base 2, what is 111010111100001111000101100 - 11?
111010111100001111000101001
In base 16, what is 8c4d - 1b3e?
710f
In base 3, what is -101110 - -1122001201?
1121200021
In base 9, what is -224143475 + -3?
-224143478
In base 10, what is 879 - 1133324?
-1132445
In base 15, what is -2e + 5724e3?
5724b4
In base 6, what is 21112341 - 1513?
21110424
In base 12, what is -193 + 1a917a?
1a8ba7
In base 9, what is 5 - -31234426?
31234432
In base 15, what is cdd4 + 483?
d367
In base 13, what is 60c - -1cc7?
2606
In base 7, what is -410205113 - 14?
-410205130
In base 14, what is -8009 - -2a17?
-53d2
In base 16, what is 3 + 72317e4?
72317e7
In base 9, what is -26837626 - -8?
-26837617
In base 6, what is -143145 + 13042?
-130103
In base 9, what is 3233352818 + 5?
3233352824
In base 12, what is -78862 - 158?
-789ba
In base 14, what is -89ad32 + -5?
-89ad37
In base 4, what is -1213313300 - 33?
-1213313333
In base 12, what is -2937aa99 - -5?
-2937aa94
In base 15, what is -4e6d09ae - 1?
-4e6d09b0
In base 15, what is -4ce + 420b3?
41ad4
In base 14, what is 1246 - 102b?
219
In base 2, what is 101101011011001001 - 10010?
101101011010110111
In base 6, what is 2144123 - -1101?
2145224
In base 10, what is -13500681 + -94?
-13500775
In base 16, what is 2 + 747e5?
747e7
In base 2, what is 111001111000010100111010111 + -101?
111001111000010100111010010
In base 9, what is -16 + 12773821?
12773804
In base 14, what is -620b4 - -2b?
-62087
In base 15, what is -b - 27bc01?
-27bc0c
In base 7, what is 1544 + -5533203?
-5531326
In base 15, what is a0a5ed - 7?
a0a5e6
In base 5, what is 114242030 - 22320?
114214210
In base 10, what is 83316722 + -15?
83316707
In base 10, what is -2367 + -105613?
-107980
In base 5, what is 10132143 - -130?
10132323
In base 2, what is 100 - -11011110010000110100111?
11011110010000110101011
In base 2, what is -10010001110101 + -100101101000101?
-110111110111010
In base 3, what is 2012222 - 110001001202?
-102221211210
In base 2, what is 1110 - 1110100001110111000110?
-1110100001110110111000
In base 9, what is -4 + -507102373?
-507102377
In base 2, what is 0 + 11001011011100001001011?
11001011011100001001011
In base 12, what is 15a + 21b14b?
21b2a9
In base 4, what is -2200213 + 1002321?
-1131232
In base 7, what is 45064 + -5251?
36513
In base 11, what is -26633 - 4151?
-2a784
In base 15, what is 6 - b5cd28?
-b5cd22
In base 12, what is -46b71 - -22a?
-46943
In base 3, what is -1020220112021112 - -21?
-1020220112021021
In base 7, what is -563231 + -5?
-563236
In base 6, what is 1043443403 - -34?
1043443441
In base 2, what is -10101010001110001000101 - -1?
-10101010001110001000100
In base 10, what is 11423150 - -3?
11423153
In base 14, what is 34 - 53adb0?
-53ad7a
In base 13, what is -c - 1384b8?
-1384c7
In base 10, what is -6466859 + 2?
-6466857
In base 3, what is -22101220 - -1110220212?
1011111222
In base 14, what is 5 + c4?
c9
In base 5, what is 10101320220 + 20?
10101320240
In base 15, what is -2ed - -252e?
2231
In base 9, what is 4 - 4337612?
-4337607
In base 6, what is -3001234 - -133?
-3001101
In base 13, what is 41 + -22245?
-22204
In base 15, what is -45376e + 169?
-453605
In base 13, what is -35c99a - -53?
-35c947
In base 9, what is 4587263 + -420?
4586743
In base 3, what is 2 - -1011012011002?
1011012011011
In base 5, what is 3142 + 12022240?
12030432
In base 6, what is -4 - -14552330?
14552322
In base 8, what is -7 + 4015105?
4015076
In base 5, what is -11020 - 1010101?
-1021121
In base 12, what is -683b4 - 1913?
-6a107
In base 16, what is -787f100 + -2?
-787f102
In base 8, what is -11321 + 60616?
47275
In base 6, what is 1301334 + -1102?
1300232
In base 7, what is 36 - -615542?
615611
In base 16, what is -15b - -c106?
bfab
In base 